{"id":65,"date":"2018-02-16T21:01:31","date_gmt":"2018-02-16T20:01:31","guid":{"rendered":"http:\/\/www.menbaa.com\/home\/?page_id=65"},"modified":"2020-03-06T09:25:23","modified_gmt":"2020-03-06T08:25:23","slug":"startseite","status":"publish","type":"page","link":"https:\/\/www.menbaa.de\/home\/","title":{"rendered":"Startseite"},"content":{"rendered":"<p><span style=\"font-size: 10pt;\">menbaa Automobiltechnik ist mit einem umfangreichen, hochwertigen Sortiment Ihr Spezialist f\u00fcr die Automobilsparte mit Schwerpunkt Elektrik und Nutzfahrzeuge.<\/span><\/p>\n<p><span style=\"font-size: 10pt;\">Als Industrievertretung und Spezialist f\u00fcr den Handel mit Kfz-Teilen bedienen wir die Erstausr\u00fcstung und den Gro\u00dfhandel mit\u00a0Produkten in OE-Qualit\u00e4t, die h\u00f6chsten Anspr\u00fcchen entsprechen.<\/span><\/p>\n<p><span style=\"font-size: 10pt;\">Unsere Kunden profitieren nicht nur von der hohen Qualit\u00e4t unserer Produkte, sondern auch von der kompetenten Beratung und den schnellen Lieferzeiten.<\/span><br \/>\n<span style=\"font-size: 10pt;\">Das gew\u00e4hrleisten wir Ihnen durch ein top motiviertes Team, sowie die Auswahl an zuverl\u00e4ssigen und professionellen Lieferanten.<\/span><\/p>\n<p><span style=\"font-size: 10pt;\">Wir liefern europaweit &#8211; unser Schwerpunkt liegt im deutschsprachigen Raum.<\/span><br \/>\n<strong><script type=\"text\/javascript\">\r\ndocument.addEventListener(\"DOMContentLoaded\", function(event) { \r\n\tjQuery( '#slider-pro-3-117' ).sliderPro({\r\n\t\t\/\/width\r\n\t\t\t\twidth: \"100%\",\r\n\t\t\t\t\r\n\t\t\/\/height\r\n\t\t\t\tautoHeight: true,\r\n\t\t\t\t\r\n\t\t\/\/auto play\r\n\t\t\t\tautoplay:  true,\r\n\t\tautoplayOnHover: 'none',\r\n\t\t\t\t\t\t\t\tautoplayDelay: 6000,\r\n\t\t\r\n\t\t\r\n\t\tarrows: false,\r\n\t\tbuttons: false,\r\n\t\tsmallSize: 500,\r\n\t\tmediumSize: 1000,\r\n\t\tlargeSize: 3000,\r\n\t\tfade: false,\r\n\t\t\r\n\t\t\/\/thumbnail\r\n\t\tthumbnailArrows: true,\r\n\t\tthumbnailWidth: 120,\r\n\t\tthumbnailHeight: 120,\r\n\t\t\t\t\t\tthumbnailsPosition: 'bottom',\r\n\t\t\t\t\t\tthumbnailPointer: true, \r\n\t\t\t\tcenterImage: true,\r\n\t\timageScaleMode: 'cover',\r\n\t\tallowScaleUp: true,\r\n\t\t\t\tstartSlide: 0,\r\n\t\tloop: true,\r\n\t\tslideDistance: 5,\r\n\t\tautoplayDirection: 'normal',\r\n\t\ttouchSwipe: true,\r\n\t\tfullScreen: false,\r\n\t});\r\n});\r\n<\/script>\r\n\r\n\t\t<div id=\"slider-pro-3-117\" class=\"slider-pro\">\r\n\t\t\t<!---- slides div start ---->\r\n\t\t\t<div class=\"sp-slides\">\r\n\t\t\t\t\t\t\t\t\t\t<div class=\"sp-slide\">\r\n\t\t\t\t\t\t\t<img data-recalc-dims=\"1\" decoding=\"async\" class=\"sp-image\" loading=\"lazy\" alt=\"Slider toter Winkel\" src=\"https:\/\/i0.wp.com\/www.menbaa.de\/home\/wp-content\/plugins\/ultimate-responsive-image-slider\/assets\/css\/images\/blank.gif?w=640&#038;ssl=1\" data-src=\"https:\/\/i0.wp.com\/www.menbaa.de\/home\/wp-content\/uploads\/2021\/06\/Slider-toter-Winkel-scaled.gif?fit=2560%2C1163&#038;ssl=1\" \/>\r\n\r\n\t\t\t\t\t\t\t\r\n\t\t\t\t\t\t\t\t\t\t\t\t\t<\/div>\r\n\t\t\t\t\t\t\t\t\t\t\t\t<div class=\"sp-slide\">\r\n\t\t\t\t\t\t\t<img data-recalc-dims=\"1\" decoding=\"async\" class=\"sp-image\" loading=\"lazy\" alt=\"Slider Kabelspulen\" src=\"https:\/\/i0.wp.com\/www.menbaa.de\/home\/wp-content\/plugins\/ultimate-responsive-image-slider\/assets\/css\/images\/blank.gif?w=640&#038;ssl=1\" data-src=\"https:\/\/i0.wp.com\/www.menbaa.de\/home\/wp-content\/uploads\/2020\/11\/Slider-Kabelspulen-scaled.gif?fit=2560%2C1164&#038;ssl=1\" \/>\r\n\r\n\t\t\t\t\t\t\t\r\n\t\t\t\t\t\t\t\t\t\t\t\t\t<\/div>\r\n\t\t\t\t\t\t\t\t\t\t\t\t<div class=\"sp-slide\">\r\n\t\t\t\t\t\t\t<img data-recalc-dims=\"1\" decoding=\"async\" class=\"sp-image\" loading=\"lazy\" alt=\"Slider Nato 70\" src=\"https:\/\/i0.wp.com\/www.menbaa.de\/home\/wp-content\/plugins\/ultimate-responsive-image-slider\/assets\/css\/images\/blank.gif?w=640&#038;ssl=1\" data-src=\"https:\/\/i0.wp.com\/www.menbaa.de\/home\/wp-content\/uploads\/2021\/09\/Slider-Nato-70-scaled.gif?fit=2560%2C1164&#038;ssl=1\" \/>\r\n\r\n\t\t\t\t\t\t\t\r\n\t\t\t\t\t\t\t\t\t\t\t\t\t<\/div>\r\n\t\t\t\t\t\t\t\t\t\t\t\t<div class=\"sp-slide\">\r\n\t\t\t\t\t\t\t<img data-recalc-dims=\"1\" decoding=\"async\" class=\"sp-image\" loading=\"lazy\" alt=\"Slider Nato 35\" src=\"https:\/\/i0.wp.com\/www.menbaa.de\/home\/wp-content\/plugins\/ultimate-responsive-image-slider\/assets\/css\/images\/blank.gif?w=640&#038;ssl=1\" data-src=\"https:\/\/i0.wp.com\/www.menbaa.de\/home\/wp-content\/uploads\/2021\/09\/Slider-Nato-35-scaled.gif?fit=2560%2C1164&#038;ssl=1\" \/>\r\n\r\n\t\t\t\t\t\t\t\r\n\t\t\t\t\t\t\t\t\t\t\t\t\t<\/div>\r\n\t\t\t\t\t\t\t\t\t\t\t\t<div class=\"sp-slide\">\r\n\t\t\t\t\t\t\t<img data-recalc-dims=\"1\" decoding=\"async\" class=\"sp-image\" loading=\"lazy\" alt=\"\" src=\"https:\/\/i0.wp.com\/www.menbaa.de\/home\/wp-content\/plugins\/ultimate-responsive-image-slider\/assets\/css\/images\/blank.gif?w=640&#038;ssl=1\" data-src=\"https:\/\/i0.wp.com\/www.menbaa.de\/home\/wp-content\/uploads\/2018\/10\/Stecker-Slider.gif?fit=1573%2C719&#038;ssl=1\" \/>\r\n\r\n\t\t\t\t\t\t\t\r\n\t\t\t\t\t\t\t\t\t\t\t\t\t<\/div>\r\n\t\t\t\t\t\t\t\t\t\t\t\t<div class=\"sp-slide\">\r\n\t\t\t\t\t\t\t<img data-recalc-dims=\"1\" decoding=\"async\" class=\"sp-image\" loading=\"lazy\" alt=\"Slider Starthilfe 2\" src=\"https:\/\/i0.wp.com\/www.menbaa.de\/home\/wp-content\/plugins\/ultimate-responsive-image-slider\/assets\/css\/images\/blank.gif?w=640&#038;ssl=1\" data-src=\"https:\/\/i0.wp.com\/www.menbaa.de\/home\/wp-content\/uploads\/2021\/07\/Slider-Starthilfe-2-scaled.gif?fit=2560%2C1052&#038;ssl=1\" \/>\r\n\r\n\t\t\t\t\t\t\t\r\n\t\t\t\t\t\t\t\t\t\t\t\t\t<\/div>\r\n\t\t\t\t\t\t\t\t\t\t\t\t<div class=\"sp-slide\">\r\n\t\t\t\t\t\t\t<img data-recalc-dims=\"1\" decoding=\"async\" class=\"sp-image\" loading=\"lazy\" alt=\"\" src=\"https:\/\/i0.wp.com\/www.menbaa.de\/home\/wp-content\/plugins\/ultimate-responsive-image-slider\/assets\/css\/images\/blank.gif?w=640&#038;ssl=1\" data-src=\"https:\/\/i0.wp.com\/www.menbaa.de\/home\/wp-content\/uploads\/2018\/11\/Sicherungen-Slider.gif?fit=4937%2C2023&#038;ssl=1\" \/>\r\n\r\n\t\t\t\t\t\t\t\r\n\t\t\t\t\t\t\t\t\t\t\t\t\t<\/div>\r\n\t\t\t\t\t\t\t\t\t\t\t\t<div class=\"sp-slide\">\r\n\t\t\t\t\t\t\t<img data-recalc-dims=\"1\" decoding=\"async\" class=\"sp-image\" loading=\"lazy\" alt=\"\" src=\"https:\/\/i0.wp.com\/www.menbaa.de\/home\/wp-content\/plugins\/ultimate-responsive-image-slider\/assets\/css\/images\/blank.gif?w=640&#038;ssl=1\" data-src=\"https:\/\/i0.wp.com\/www.menbaa.de\/home\/wp-content\/uploads\/2018\/11\/Schilder-Slider.gif?fit=2015%2C908&#038;ssl=1\" \/>\r\n\r\n\t\t\t\t\t\t\t\r\n\t\t\t\t\t\t\t\t\t\t\t\t\t<\/div>\r\n\t\t\t\t\t\t\t\t\t\t\t\t<div class=\"sp-slide\">\r\n\t\t\t\t\t\t\t<img data-recalc-dims=\"1\" decoding=\"async\" class=\"sp-image\" loading=\"lazy\" alt=\"\" src=\"https:\/\/i0.wp.com\/www.menbaa.de\/home\/wp-content\/plugins\/ultimate-responsive-image-slider\/assets\/css\/images\/blank.gif?w=640&#038;ssl=1\" data-src=\"https:\/\/i0.wp.com\/www.menbaa.de\/home\/wp-content\/uploads\/2018\/10\/Gl%C3%BChlampen-Slider.gif?fit=4261%2C1665&#038;ssl=1\" \/>\r\n\r\n\t\t\t\t\t\t\t\r\n\t\t\t\t\t\t\t\t\t\t\t\t\t<\/div>\r\n\t\t\t\t\t\t\t\t\t\t\t\t<div class=\"sp-slide\">\r\n\t\t\t\t\t\t\t<img data-recalc-dims=\"1\" decoding=\"async\" class=\"sp-image\" loading=\"lazy\" alt=\"\" src=\"https:\/\/i0.wp.com\/www.menbaa.de\/home\/wp-content\/plugins\/ultimate-responsive-image-slider\/assets\/css\/images\/blank.gif?w=640&#038;ssl=1\" data-src=\"https:\/\/i0.wp.com\/www.menbaa.de\/home\/wp-content\/uploads\/2018\/10\/Sitzbezuege-Slider.gif?fit=1011%2C439&#038;ssl=1\" \/>\r\n\r\n\t\t\t\t\t\t\t\r\n\t\t\t\t\t\t\t\t\t\t\t\t\t<\/div>\r\n\t\t\t\t\t\t\t\t\t\t\t\t<div class=\"sp-slide\">\r\n\t\t\t\t\t\t\t<img data-recalc-dims=\"1\" decoding=\"async\" class=\"sp-image\" loading=\"lazy\" alt=\"\" src=\"https:\/\/i0.wp.com\/www.menbaa.de\/home\/wp-content\/plugins\/ultimate-responsive-image-slider\/assets\/css\/images\/blank.gif?w=640&#038;ssl=1\" data-src=\"https:\/\/i0.wp.com\/www.menbaa.de\/home\/wp-content\/uploads\/2018\/10\/Fu%C3%9Fmatten-Slider.gif?fit=2612%2C1147&#038;ssl=1\" \/>\r\n\r\n\t\t\t\t\t\t\t\r\n\t\t\t\t\t\t\t\t\t\t\t\t\t<\/div>\r\n\t\t\t\t\t\t\t\t\t\t\t\t<div class=\"sp-slide\">\r\n\t\t\t\t\t\t\t<img data-recalc-dims=\"1\" decoding=\"async\" class=\"sp-image\" loading=\"lazy\" alt=\"\" src=\"https:\/\/i0.wp.com\/www.menbaa.de\/home\/wp-content\/plugins\/ultimate-responsive-image-slider\/assets\/css\/images\/blank.gif?w=640&#038;ssl=1\" data-src=\"https:\/\/i0.wp.com\/www.menbaa.de\/home\/wp-content\/uploads\/2018\/11\/Install.-Slider.gif?fit=2307%2C1020&#038;ssl=1\" \/>\r\n\r\n\t\t\t\t\t\t\t\r\n\t\t\t\t\t\t\t\t\t\t\t\t\t<\/div>\r\n\t\t\t\t\t\t\t\t\t<\/div>\r\n\t\t\t\r\n\t\t\t<!---- slides div end ---->\r\n\t\t\t\t\t\t<!-- slides thumbnails div end -->\r\n\t\t<\/div>\r\n\t\t<style>\r\n\/* Layout 3 *\/\r\n\/* border *\/\r\n\r\n\/* font + color *\/\r\n.title-in  {\r\n\tfont-family: Arial !important;\r\n\tcolor: #000000 !important;\r\n\tbackground-color: #FFFFFF !important;\r\n\topacity: 0.7 !important;\r\n}\r\n.desc-in  {\r\n\tfont-family: Arial !important;\r\n\tcolor: #FFFFFF !important;\r\n\tbackground-color: #000000 !important;\r\n\topacity: 0.7 !important;\r\n}\r\n\r\n\/* bullets color *\/\r\n.sp-button  {\r\n\tborder: 2px solid #000000 !important;\r\n}\r\n.sp-selected-button  {\r\n\tbackground-color: #000000 !important;\r\n}\r\n\r\n\/* pointer color - bottom *\/\r\n.sp-selected-thumbnail::before {\r\n\tborder-bottom: 5px solid #000000 !important;\r\n}\r\n.sp-selected-thumbnail::after {\r\n\tborder-bottom: 13px solid #000000 !important;\r\n}\r\n\r\n\/* pointer color - top *\/\r\n\r\n\/* full screen icon *\/\r\n.sp-full-screen-button::before {\r\n    color: #FFFFFF !important;\r\n}\r\n\r\n\/* hover navigation icon color *\/\r\n.sp-next-arrow::after, .sp-next-arrow::before {\r\n\tbackground-color: #FFFFFF !important;\r\n}\r\n.sp-previous-arrow::after, .sp-previous-arrow::before {\r\n\tbackground-color: #FFFFFF !important;\r\n}\r\n\r\n#slider-pro-3-117 .title-in {\r\n\tcolor: #000000 !important;\r\n\tfont-weight: bolder;\r\n\ttext-align: center;\r\n}\r\n\r\n#slider-pro-3-117 .title-in-bg {\r\n\tbackground: rgba(255, 255, 255, 0.7); !important;\r\n\twhite-space: unset !important;\r\n\ttransform: initial !important;\r\n\t-webkit-transform: initial !important;\r\n\tfont-size: 14px !important;\r\n}\r\n\r\n#slider-pro-3-117 .desc-in {\r\n\tcolor: #FFFFFF !important;\r\n\ttext-align: center;\r\n}\r\n#slider-pro-3-117 .desc-in-bg {\r\n\tbackground: rgba(#000000, 0.7) !important;\r\n\twhite-space: unset !important;\r\n\ttransform: initial !important;\r\n\t-webkit-transform: initial !important;\r\n\tfont-size: 13px !important;\r\n}\r\n\r\n@media (max-width: 640px) {\r\n\t#slider-pro-3-117 .hide-small-screen {\r\n\t\tdisplay: none;\r\n\t}\r\n}\r\n\r\n@media (max-width: 860px) {\r\n\t#slider-pro-3-117 .sp-layer {\r\n\t\tfont-size: 18px;\r\n\t}\r\n\t\r\n\t#slider-pro-3-117 .hide-medium-screen {\r\n\t\tdisplay: none;\r\n\t}\r\n}\r\n.slides-not-found {\r\n\tbackground-color: #a92929;\r\n\tborder-radius: 5px;\r\n\tcolor: #fff;\r\n\tfont-family: initial;\r\n\ttext-align: center;\r\n\tpadding:12px;\r\n}\r\n\/* Custom CSS *\/\r\n<\/style>\r\n<\/strong><\/p>\n","protected":false},"excerpt":{"rendered":"<p>menbaa Automobiltechnik ist mit einem umfangreichen, hochwertigen Sortiment Ihr Spezialist f\u00fcr die Automobilsparte mit Schwerpunkt Elektrik und Nutzfahrzeuge. Als Industrievertretung und Spezialist f\u00fcr den Handel mit Kfz-Teilen bedienen wir die Erstausr\u00fcstung und den Gro\u00dfhandel mit\u00a0Produkten in OE-Qualit\u00e4t, die h\u00f6chsten Anspr\u00fcchen entsprechen. Unsere Kunden profitieren nicht nur von der hohen Qualit\u00e4t unserer Produkte, sondern auch von [&hellip;]<\/p>\n","protected":false},"author":1,"featured_media":0,"parent":0,"menu_order":0,"comment_status":"closed","ping_status":"closed","template":"","meta":{"_exactmetrics_skip_tracking":false,"_exactmetrics_sitenote_active":false,"_exactmetrics_sitenote_note":"","_exactmetrics_sitenote_category":0,"jetpack_post_was_ever_published":false,"footnotes":""},"class_list":["post-65","page","type-page","status-publish","hentry"],"jetpack_sharing_enabled":true,"jetpack_shortlink":"https:\/\/wp.me\/P9G1wc-13","jetpack_likes_enabled":false,"jetpack-related-posts":[{"id":13,"url":"https:\/\/www.menbaa.de\/home\/unternehmen\/","url_meta":{"origin":65,"position":0},"title":"Unternehmen","author":"menbaa","date":"11. Dezember 2016","format":false,"excerpt":"menbaa Automobiltechnik GmbH wurde im April 2010 von Menber's s.p.a. und Markus Baatz mit dem Sitz in Eibelstadt bei W\u00fcrzburg gegr\u00fcndet. Die Firma menbaa tritt als Industrievertretung auf, die sich auf den Handel von Kfz-Teilen spezialisiert hat. menbaa bedient die Erstausr\u00fcstung und den Gro\u00dfhandel mit Teilen in OE-Qualit\u00e4t, die h\u00f6chsten\u2026","rel":"","context":"\u00c4hnlicher Beitrag","block_context":{"text":"\u00c4hnlicher Beitrag","link":""},"img":{"alt_text":"","src":"","width":0,"height":0},"classes":[]},{"id":16,"url":"https:\/\/www.menbaa.de\/home\/datenschutzerklaerung\/","url_meta":{"origin":65,"position":1},"title":"Datenschutzerkl\u00e4rung (Alt)","author":"menbaa","date":"11. Dezember 2016","format":false,"excerpt":"Datenschutz Die Betreiber dieser Seiten nehmen den Schutz Ihrer pers\u00f6nlichen Daten sehr ernst. Wir behandeln Ihre personenbezogenen Daten vertraulich und entsprechend der gesetzlichen Datenschutzvorschriften sowie dieser Datenschutzerkl\u00e4rung. Die Nutzung unserer Website ist in der Regel ohne Angabe personenbezogener Daten m\u00f6glich. Soweit auf unseren Seiten personenbezogene Daten (beispielsweise Name, Anschrift oder\u2026","rel":"","context":"\u00c4hnlicher Beitrag","block_context":{"text":"\u00c4hnlicher Beitrag","link":""},"img":{"alt_text":"","src":"","width":0,"height":0},"classes":[]},{"id":550,"url":"https:\/\/www.menbaa.de\/home\/agb\/","url_meta":{"origin":65,"position":2},"title":"AGB","author":"menbaa","date":"11. Oktober 2018","format":false,"excerpt":"Allgemeine Gesch\u00e4ftsbedingung von menbaa Automobiltechnik GmbH Stand: 01.06.2018 1. Geltungsbereich Soweit nicht anders ausdr\u00fccklich vereinbart, gelten die nachstehenden Allgemeinen Gesch\u00e4ftsbedingungen f\u00fcr alle Vertr\u00e4ge, Lieferungen und sonstigen Leistungen im Gesch\u00e4ftsverkehr mit Unternehmern im Sinne des \u00a7 14 BGB, juristischen Personen des \u00f6ffentlichen Rechts oder \u00f6ffentlich-rechtlichen Sonderverm\u00f6gen (nachfolgend \u201eKunden\u201c genannt). Sie gelten\u2026","rel":"","context":"\u00c4hnlicher Beitrag","block_context":{"text":"\u00c4hnlicher Beitrag","link":""},"img":{"alt_text":"","src":"","width":0,"height":0},"classes":[]},{"id":17,"url":"https:\/\/www.menbaa.de\/home\/impressum\/","url_meta":{"origin":65,"position":3},"title":"Impressum (ALT)","author":"menbaa","date":"11. Dezember 2016","format":false,"excerpt":"Angaben gem\u00e4\u00df \u00a7 5 TMG: menbaa Automobiltechnik GmbH W\u00fcrzburger Strasse 41 97246 Eibelstadt Telefon: +49 9303 98452-0 Telefax: +49 9303 98452-2 E-Mail: info@menbaa.de Gesch\u00e4ftsf\u00fchrer: Markus Baatz Eintragung im Handelsregister. Registergericht: Amtsgericht W\u00fcrzburg Registernummer: HRB 10623 Umsatzsteuer-Identifikationsnummer gem\u00e4\u00df \u00a727 a Umsatzsteuergesetz: DE 815168712 Wir weisen darauf hin, dass die Fotos unserer\u2026","rel":"","context":"\u00c4hnlicher Beitrag","block_context":{"text":"\u00c4hnlicher Beitrag","link":""},"img":{"alt_text":"","src":"","width":0,"height":0},"classes":[]},{"id":14,"url":"https:\/\/www.menbaa.de\/home\/kontakt\/","url_meta":{"origin":65,"position":4},"title":"Kontakt","author":"menbaa","date":"11. Dezember 2016","format":false,"excerpt":"Bei Fragen k\u00f6nnen Sie sich nat\u00fcrlich gerne telefonisch an uns wenden. Sie erreichen uns von Montag bis Donnerstag von 9:00 bis 16:00 Uhr und Freitags von 9:00 bis 15:00 Uhr. menbaa Automobiltechnik GmbH W\u00fcrzburger Stra\u00dfe 41 97246 Eibelstadt Germany Telefon: +49 9303 984520 Telefax: +49 9303 984522","rel":"","context":"\u00c4hnlicher Beitrag","block_context":{"text":"\u00c4hnlicher Beitrag","link":""},"img":{"alt_text":"","src":"","width":0,"height":0},"classes":[]}],"_links":{"self":[{"href":"https:\/\/www.menbaa.de\/home\/wp-json\/wp\/v2\/pages\/65","targetHints":{"allow":["GET"]}}],"collection":[{"href":"https:\/\/www.menbaa.de\/home\/wp-json\/wp\/v2\/pages"}],"about":[{"href":"https:\/\/www.menbaa.de\/home\/wp-json\/wp\/v2\/types\/page"}],"author":[{"embeddable":true,"href":"https:\/\/www.menbaa.de\/home\/wp-json\/wp\/v2\/users\/1"}],"replies":[{"embeddable":true,"href":"https:\/\/www.menbaa.de\/home\/wp-json\/wp\/v2\/comments?post=65"}],"version-history":[{"count":0,"href":"https:\/\/www.menbaa.de\/home\/wp-json\/wp\/v2\/pages\/65\/revisions"}],"wp:attachment":[{"href":"https:\/\/www.menbaa.de\/home\/wp-json\/wp\/v2\/media?parent=65"}],"curies":[{"name":"wp","href":"https:\/\/api.w.org\/{rel}","templated":true}]}}